nd l?
7
Let l be (1*-1 - -7)*16/24. Suppose 3*i = -15, 2*d - 2*i = l*d - 36. Suppose -4*s + 117 = -d. Calculate the highest common divisor of s and 280.
35
Suppose -6341 = -6*p - 6125. Calculate the highest common divisor of 1413 and p.
9
Suppose 0 = -2*l + 2*v - 454 + 2950, 3*l - 3732 = v. Calculate the greatest common factor of 60 and l.
6
Let u(a) = 7*a**2 - 3. Let g be u(-3). Let x(q) be the first derivative of -8*q**2 - 8*q + 83. Let l be x(-2). What is the greatest common factor of l and g?
12
Suppose 65 = -4*j + 9*j. Let i be 24/156 - (-219)/j. Let l = 67 - i. Calculate the highest common divisor of l and 20.
10
Let j(r) = 2*r**2 + 6*r - 5. Let b be j(-4). Let v(q) = -q**3 + 2*q**2 + 9*q - 15. Let f be v(b). Calculate the greatest common divisor of 123 and f.
3
Let x = -291 + 294. Let z be 60/x - (1 + -6). Suppose -4*q + 12 = 0, 0*u - 1109 = -4*u - 3*q. Calculate the highest common divisor of z and u.
25
Suppose z + 2*j = 7*j + 81, 0 = -4*z - 4*j + 204. Suppose 0 = 2*n + 6, 825 + 900 - 649 = p - 4*n. What is the greatest common factor of z and p?
56
Let b be (-34)/10*-5 - 2. Suppose 0*h + 5*h + 3*p = b, 0 = -3*h - p + 9. What is the greatest common divisor of 75 and h?
3
Let x be ((-20)/70)/((-1)/(-7)). Let z be (-4500)/(-25) + (-2 - -2)/x. What is the highest common divisor of z and 72?
36
Let c = 4158 - 4138. Calculate the highest common divisor of 1300 and c.
20
Let o(m) be the first derivative of m**3/3 + 2*m**2 + 36*m + 19. Let r be o(0). Suppose 22 + 14 = 2*b. What is the highest common factor of b and r?
18
Let g(z) = -z**3 + 24*z**2 + 91*z - 1497. Let q be g(25). What is the greatest common divisor of q and 2412?
9
Let m be ((-5)/30*4)/1 + 20/12. What is the highest common divisor of 311 and m?
1
Suppose 10*o - 9*o + 4 = 0, 137831 = 5*x - 4*o. Calculate the highest common divisor of 43 and x.
43
Suppose 16*g + 20*g = 54*g - 305424. Calculate the greatest common divisor of g and 168.
168
Suppose 43335 = 17*o + 76*o + 14*o. Calculate the greatest common divisor of 540 and o.
135
Let u be 7 + 14/7*-26. Let g be u/75 - 159/(-15). Calculate the highest common factor of 65 and g.
5
Suppose -5*k = -35*z + 32*z + 594, 3*z - 594 = -5*k. Suppose -5*h + 220 = j, 3*h + 2*h - 4*j - 220 = 0. What is the greatest common divisor of h and z?
22
Let p be (-1)/(-996*2/398 - -5). Let a = 238 - p. Calculate the highest common factor of a and 13.
13
Let t = -1928 + 2113. Calculate the greatest common divisor of 1813 and t.
37
Let s = -139 - -157. Let d = 141 - 81. Suppose 3*f = -s + d. Calculate the greatest common factor of 56 and f.
14
Let l(r) = 3*r**2 - 20*r + 47. Let m be l(10). Suppose -3*y + 74*h = 69*h - m, 2*y - 114 = -2*h. Calculate the greatest common divisor of 8 and y.
2
Suppose -41*i + 57*i - 224 = 0. Let f(d) = -d**2 - 7*d + 10. Let l be f(-8). Calculate the greatest common divisor of l and i.
2
Let l = -5450 + 6106. What is the highest common factor of l and 2460?
164
Suppose 0 = 639*t - 623*t - 2704. Calculate the greatest common divisor of t and 559.
13
Let b(s) = s**3 + 17*s**2 + 11*s + 52. Let q be b(-16). Let p be q/(-165) + 244/5. Calculate the highest common factor of 384 and p.
48
Suppose 0*s - h + 756 = 4*s, 5*s - 3*h = 945. Suppose -110 = -23*d + s. Calculate the highest common divisor of 13 and d.
13
Let x = 7103 + 14878. What is the greatest common divisor of x and 51?
51
Suppose -i = 3*i - 16. Let d be (36/(-10) - -3)/(84/(-280)). What is the highest common divisor of i and d?
2
Let v = 16126 - 15934. What is the greatest common factor of v and 3024?
48
Let l be -4 - 12*(-4)/8. Suppose 3*q + 225 = 2*c, 0*q + 438 = 4*c - l*q. Calculate the highest common divisor of c and 24.
12
Let w = 4732 - 4713. Let t = 104 - -143. What is the highest common factor of w and t?
19
Suppose -9 = -3*y, 0 = n + y + 67 - 70. Suppose n*j = -8*j + 1232. What is the greatest common factor of j and 44?
22
Let j = 353 + -280. Calculate the highest common factor of 657 and j.
73
Let p(l) = 3*l - 35. Let t = -89 - -106. Let f be p(t). Suppose -14*s = -f*s + 200. Calculate the greatest common divisor of s and 25.
25
Suppose t - 29699 = -5*r, 19*r - 17*r = -t + 11879. What is the highest common factor of r and 60?
60
Suppose 10*l - 135 = 9*l. Let p(s) = 3*s**3 - 5*s**2 + 12*s - 18. Let q be p(3). What is the highest common divisor of l and q?
27
Let i = 270 - 360. Let o = i - -111. Suppose 3*y + 300 = 5*n, 5*n + 4*y - 330 = 5. What is the highest common divisor of n and o?
21
Suppose -61*l + 416 = 4*s - 57*l, 444 = 4*s - 3*l. Calculate the highest common divisor of s and 7668.
108
Let s = -300 - -420. Suppose 2*u - 5*x - 380 = 0, 5*u + 584 = 8*u - 4*x. Calculate the greatest common divisor of s and u.
40
Let u(h) = 2*h**2 + 49*h + 342. Suppose 3*t - 2*i + 20 = 0, 3*t + 35 = -2*t + 5*i. Let f be u(t). Calculate the greatest common factor of f and 90.
30
Suppose r = -5 + 23. Suppose -x - 4 = -2*y, 5*y + 3*x - r = 14. Calculate the greatest common divisor of 92 and y.
4
Suppose 2*x = 3*i - 44, 4*i + 0*i - 44 = -x. Let v(z) = 2*z + 22. Let q be v(-9). Calculate the highest common divisor of i and q.
4
Suppose 3*j = -4*g + 6*g + 12, -2*j + 2*g = -8. Suppose -t - j*k + 76 = 0, 5*t - 4*k = 328 + 124. Calculate the greatest common divisor of 8 and t.
8
Let h be (-3)/(-12)*2*18. Suppose 245*z = 188*z + 406 - 64. What is the greatest common factor of z and h?
3
Let a = 44 - -1. Let o(p) = -15*p**3 + 17 + 10*p**2 + 33*p**3 - 17*p**3 + 17*p. Let h be o(-8). What is the greatest common factor of a and h?
9
Suppose -11 = 8*g + 29. Let b be (-10)/(50/g) - -75. What is the greatest common divisor of b and 266?
38
Let q(m) = 9*m**2 + 101*m - 76. Let o(f) = 3*f**2 + 33*f - 25. Let s(g) = 8*o(g) - 3*q(g). Let x be s(-13). What is the greatest common divisor of 8 and x?
4
Suppose -4*j - 3*w + 316 - 54 = 0, -3*w = -3*j + 186. Suppose -z = 5*m - 40 - 40, 3*z = -4*m + j. Calculate the greatest common divisor of m and 12.
4
Suppose -23027 = -39*b - 3644. Calculate the greatest common divisor of 217 and b.
7
Suppose 2470 = -5*q - 3*z + 16321, -3*q + 5*z + 8297 = 0. Calculate the highest common divisor of 1704 and q.
213
Let n(y) = 211*y - 1928. Let j be n(58). What is the highest common divisor of 10 and j?
10
Let j be (6/9)/(5 - (-3353)/(-672)). Suppose -20*b + 16*b = -j. Calculate the highest common divisor of b and 376.
8
Let n(u) = 387*u - 7836. Let t be n(22). Calculate the greatest common divisor of t and 10.
2
Let b be ((-3)/1)/((-9)/(-1104)). Let f = b + 388. What is the greatest common divisor of 68 and f?
4
Suppose -8 = 6*t + 10. Let x be (-10)/8*(t + -17). Let y = 366 + -91. Calculate the greatest common divisor of y and x.
25
Let y = -158 + 137. Let z = y + 39. What is the greatest common divisor of z and 4?
2
Let b = -85303 + 85408. Let v be 9 + 2 - 6/3. Suppose 12 + v = j. Calculate the highest common divisor of j and b.
21
Let a be 11/(-7) - 33/77. Let m be a*(126/(-4))/3. Let z be 20 - (1 + 8) - 8. Calculate the greatest common factor of m and z.
3
Suppose 54*y - 48*y = 18. Suppose 4*q = 4*l + 3*q - 9, 5*l - y*q = 13. What is the greatest common divisor of 166 and l?
2
Let g = 22708 + -22178. What is the greatest common factor of g and 689?
53
Suppose 662 = -10*o + 6442. Let z = -568 + o. What is the greatest common divisor of z and 30?
10
Let b be -2 - (-1 + 0 - 1). Let c = 16 + b. Suppose 39*d - 82 = 36*d + 5*r, -5*r - 74 = -d. What is the highest common divisor of c and d?
4
Suppose 79 = 4*l - 1. Let n = l + -14. Suppose -4*z + 8 = -4*c, c + 4*z = 27 - 9. What is the greatest common divisor of c and n?
2
Suppose 37*h - 43*h + 24 = 0. Let j(r) = -8*r + 6*r - h*r**2 - 4*r - 7*r - r**3 - 14. Let m be j(-6). Calculate the highest common divisor of m and 34.
34
Suppose -27*x = -203 - 958. Suppose 26*w = 1707 - x. What is the highest common divisor of 544 and w?
32
Suppose a + 585*f - 587*f = 3486, -a = f - 3486. Calculate the greatest common factor of 168 and a.
42
Let c be 96/(-9)*(62/(-1) - -2). Calculate the highest common factor of c and 15.
5
Let a(i) = 21*i - 84. Let c be a(4). Suppose -16*f + f + 345 = c. What is the greatest common divisor of 23 and f?
23
Let t(s) = 29*s - 228. Let o be t(8). What is the greatest common divisor of o and 110?
2
Let w